{"id":1302,"date":"2018-11-27T14:30:47","date_gmt":"2018-11-27T14:30:47","guid":{"rendered":"https:\/\/kvc.vgtu.lt\/?page_id=1302"},"modified":"2020-12-10T14:18:53","modified_gmt":"2020-12-10T12:18:53","slug":"statybos-inzinieriaus-profesine-kvalifikacija","status":"publish","type":"page","link":"https:\/\/kvc.vgtu.lt\/index.php\/statybos-inzinieriaus-profesine-kvalifikacija\/","title":{"rendered":"Statybos in\u017einieriaus profesin\u0117 kvalifikacija"},"content":{"rendered":"\t\t<div data-elementor-type=\"wp-post\" data-elementor-id=\"1302\" class=\"elementor elementor-1302\">\n\t\t\t\t\t\t<section class=\"elementor-section elementor-top-section elementor-element elementor-element-21924dd elementor-section-boxed elementor-section-height-default elementor-section-height-default\" data-id=\"21924dd\" data-element_type=\"section\">\n\t\t\t\t\t\t<div class=\"elementor-container elementor-column-gap-default\">\n\t\t\t\t\t<div class=\"elementor-column elementor-col-100 elementor-top-column elementor-element elementor-element-a54453e\" data-id=\"a54453e\" data-element_type=\"column\">\n\t\t\t<div class=\"elementor-widget-wrap elementor-element-populated\">\n\t\t\t\t\t\t<div class=\"elementor-element elementor-element-dfd2f1d elementor-widget elementor-widget-icon-box\" data-id=\"dfd2f1d\" data-element_type=\"widget\" data-widget_type=\"icon-box.default\">\n\t\t\t\t<div class=\"elementor-widget-container\">\n\t\t\t\t\t\t\t<div class=\"elementor-icon-box-wrapper\">\n\n\t\t\t\n\t\t\t\t\t\t<div class=\"elementor-icon-box-content\">\n\n\t\t\t\t\t\t\t\t\t<div class=\"elementor-icon-box-title\">\n\t\t\t\t\t\t<a href=\"https:\/\/kvc.vgtu.lt\/index.php\/bendroji-informacija-apie-si-profesines-kvalifikacijos-suteikima\/\" >\n\t\t\t\t\t\t\tBENDROJI INFORMACIJA APIE STATYBOS IN\u017dINIERIAUS PROFESIN\u0116S KVALIFIKACIJOS SUTEIKIM\u0104\t\t\t\t\t\t<\/a>\n\t\t\t\t\t<\/div>\n\t\t\t\t\n\t\t\t\t\n\t\t\t<\/div>\n\t\t\t\n\t\t<\/div>\n\t\t\t\t\t\t<\/div>\n\t\t\t\t<\/div>\n\t\t\t\t\t<\/div>\n\t\t<\/div>\n\t\t\t\t\t<\/div>\n\t\t<\/section>\n\t\t\t\t<section class=\"elementor-section elementor-top-section elementor-element elementor-element-5c35243 elementor-section-boxed elementor-section-height-default elementor-section-height-default\" data-id=\"5c35243\" data-element_type=\"section\">\n\t\t\t\t\t\t<div class=\"elementor-container elementor-column-gap-default\">\n\t\t\t\t\t<div class=\"elementor-column elementor-col-100 elementor-top-column elementor-element elementor-element-983d62a\" data-id=\"983d62a\" data-element_type=\"column\">\n\t\t\t<div class=\"elementor-widget-wrap elementor-element-populated\">\n\t\t\t\t\t\t<div class=\"elementor-element elementor-element-5cdfce4 elementor-widget elementor-widget-icon-box\" data-id=\"5cdfce4\" data-element_type=\"widget\" data-widget_type=\"icon-box.default\">\n\t\t\t\t<div class=\"elementor-widget-container\">\n\t\t\t\t\t\t\t<div class=\"elementor-icon-box-wrapper\">\n\n\t\t\t\n\t\t\t\t\t\t<div class=\"elementor-icon-box-content\">\n\n\t\t\t\t\t\t\t\t\t<div class=\"elementor-icon-box-title\">\n\t\t\t\t\t\t<a href=\"https:\/\/kvc.vgtu.lt\/index.php\/informacija-asmenims-norintiems-igyti-si-profesine-kvalifikacija\/\" >\n\t\t\t\t\t\t\tINFORMACIJA ASMENIMS SIEKIANTIEMS \u012eGYTI STATYBOS IN\u017dINIERIAUS PROFESIN\u0118 KVALIFIKACIJ\u0104<br>\n\t\t\t\t\t\t<\/a>\n\t\t\t\t\t<\/div>\n\t\t\t\t\n\t\t\t\t\n\t\t\t<\/div>\n\t\t\t\n\t\t<\/div>\n\t\t\t\t\t\t<\/div>\n\t\t\t\t<\/div>\n\t\t\t\t\t<\/div>\n\t\t<\/div>\n\t\t\t\t\t<\/div>\n\t\t<\/section>\n\t\t\t\t<\/div>\n\t\t","protected":false},"excerpt":{"rendered":"<p>BENDROJI INFORMACIJA APIE STATYBOS IN\u017dINIERIAUS PROFESIN\u0116S KVALIFIKACIJOS SUTEIKIM\u0104 INFORMACIJA ASMENIMS SIEKIANTIEMS \u012eGYTI STATYBOS IN\u017dINIERIAUS PROFESIN\u0118 KVALIFIKACIJ\u0104<\/p>\n","protected":false},"author":1,"featured_media":0,"parent":0,"menu_order":0,"comment_status":"closed","ping_status":"closed","template":"","meta":{"footnotes":""},"class_list":["post-1302","page","type-page","status-publish","hentry"],"_links":{"self":[{"href":"https:\/\/kvc.vgtu.lt\/index.php\/wp-json\/wp\/v2\/pages\/1302","targetHints":{"allow":["GET"]}}],"collection":[{"href":"https:\/\/kvc.vgtu.lt\/index.php\/wp-json\/wp\/v2\/pages"}],"about":[{"href":"https:\/\/kvc.vgtu.lt\/index.php\/wp-json\/wp\/v2\/types\/page"}],"author":[{"embeddable":true,"href":"https:\/\/kvc.vgtu.lt\/index.php\/wp-json\/wp\/v2\/users\/1"}],"replies":[{"embeddable":true,"href":"https:\/\/kvc.vgtu.lt\/index.php\/wp-json\/wp\/v2\/comments?post=1302"}],"version-history":[{"count":24,"href":"https:\/\/kvc.vgtu.lt\/index.php\/wp-json\/wp\/v2\/pages\/1302\/revisions"}],"predecessor-version":[{"id":2421,"href":"https:\/\/kvc.vgtu.lt\/index.php\/wp-json\/wp\/v2\/pages\/1302\/revisions\/2421"}],"wp:attachment":[{"href":"https:\/\/kvc.vgtu.lt\/index.php\/wp-json\/wp\/v2\/media?parent=1302"}],"curies":[{"name":"wp","href":"https:\/\/api.w.org\/{rel}","templated":true}]}}