{"id":382,"date":"2018-11-09T09:08:02","date_gmt":"2018-11-09T09:08:02","guid":{"rendered":"https:\/\/kvc.vgtu.lt\/?page_id=382"},"modified":"2025-02-27T12:44:30","modified_gmt":"2025-02-27T10:44:30","slug":"sp-s-pdv-pdvpv-pdev","status":"publish","type":"page","link":"https:\/\/kvc.vgtu.lt\/index.php\/sp-s-pdv-pdvpv-pdev\/","title":{"rendered":"Projekto dalis: sklypo sutvarkymo (sklypo plano)"},"content":{"rendered":"<p>Kvalifikacijos atestato \u012fgijimui (papildymui) reikalingos informacijos\/duomen\u0173 pateikimo tvark\u0105 galite rasti <a href=\"https:\/\/www.ssva.lt\/cms\/paslaugos\/atestavimas\/statybos-specialistu-atestavimas\">\u010dia<\/a><\/p>\n<h4>Profesini\u0173 \u017eini\u0173 vertinimas vykdomas pagal LR aplinkos ministro patvirtint\u0105 program\u0105\u00a0<a href=\"https:\/\/e-seimas.lrs.lt\/rs\/legalact\/TAD\/c907afd0ebf111e89d4ad92e8434e309\/\" target=\"_blank\" rel=\"noopener noreferrer\">E-015-18-LSIS<\/a><\/h4>\n<div id=\"footable_parent_2134\"\n         class=\" footable_parent ninja_table_wrapper loading_ninja_table wp_table_data_press_parent bootstrap3 \">\n                <table data-ninja_table_instance=\"ninja_table_instance_0\" data-footable_id=\"2134\" data-filter-delay=\"1000\" aria-label=\"PDV, PDVPV, PDEV, SDEV (SP, SO, VN, \u0160VOK, E, ER, AS, GS, PVA) \u017eini\u0173 vertinimas_AKTUALUS\"            id=\"footable_2134\"\n           data-unique_identifier=\"ninja_table_unique_id_2026041053_2134\"\n           class=\" foo-table ninja_footable foo_table_2134 ninja_table_unique_id_2026041053_2134 table  ninja_search_right nt_type_ajax_table table-bordered table-hover vertical_centered  footable-paging-right ninja_table_search_disabled\">\n                <colgroup>\n                            <col class=\"ninja_column_0 \">\n                            <col class=\"ninja_column_1 \">\n                            <col class=\"ninja_column_2 \">\n                    <\/colgroup>\n            <\/table>\n    \n    \n    \n<\/div>\n\n<p><strong>K<\/strong><strong>ontaktai pasiteiravimui:<\/strong><\/p>\n<p>&#8211; tel. Nr.:\u00a0 +370 619 85869 arba (0 5) 262 16 90<\/p>\n<p>&#8211; el. pa\u0161tu:\u00a0 <a href=\"mailto:vgtu.kvc@vgtu.lt\">atestavimas.vgtukvc@gmail.com<\/a>\u00a0arba <a href=\"mailto:VGTU.KVC@vgtu.lt\">vgtu.nmc@vgtu.lt<\/a><\/p>\n\n\n<p><\/p>\n","protected":false},"excerpt":{"rendered":"<p>Kvalifikacijos atestato \u012fgijimui (papildymui) reikalingos informacijos\/duomen\u0173 pateikimo tvark\u0105 galite rasti \u010dia Profesini\u0173 \u017eini\u0173 vertinimas vykdomas pagal LR aplinkos ministro patvirtint\u0105 program\u0105\u00a0E-015-18-LSIS Kontaktai pasiteiravimui: &#8211; tel. Nr.:\u00a0 +370 619 85869 arba (0 5) 262 16 90 &#8211; el. pa\u0161tu:\u00a0 atestavimas.vgtukvc@gmail.com\u00a0arba vgtu.nmc@vgtu.lt<\/p>\n","protected":false},"author":1,"featured_media":0,"parent":0,"menu_order":0,"comment_status":"closed","ping_status":"closed","template":"","meta":{"footnotes":""},"class_list":["post-382","page","type-page","status-publish","hentry"],"_links":{"self":[{"href":"https:\/\/kvc.vgtu.lt\/index.php\/wp-json\/wp\/v2\/pages\/382","targetHints":{"allow":["GET"]}}],"collection":[{"href":"https:\/\/kvc.vgtu.lt\/index.php\/wp-json\/wp\/v2\/pages"}],"about":[{"href":"https:\/\/kvc.vgtu.lt\/index.php\/wp-json\/wp\/v2\/types\/page"}],"author":[{"embeddable":true,"href":"https:\/\/kvc.vgtu.lt\/index.php\/wp-json\/wp\/v2\/users\/1"}],"replies":[{"embeddable":true,"href":"https:\/\/kvc.vgtu.lt\/index.php\/wp-json\/wp\/v2\/comments?post=382"}],"version-history":[{"count":17,"href":"https:\/\/kvc.vgtu.lt\/index.php\/wp-json\/wp\/v2\/pages\/382\/revisions"}],"predecessor-version":[{"id":3090,"href":"https:\/\/kvc.vgtu.lt\/index.php\/wp-json\/wp\/v2\/pages\/382\/revisions\/3090"}],"wp:attachment":[{"href":"https:\/\/kvc.vgtu.lt\/index.php\/wp-json\/wp\/v2\/media?parent=382"}],"curies":[{"name":"wp","href":"https:\/\/api.w.org\/{rel}","templated":true}]}}